 = -6. Let j = -172 - -180. Suppose -2*z - j = -u. Determine s(z).
-3
Suppose 0 = -5*v + 4*w - 0*w - 36, 4*v + 4*w + 36 = 0. Let k(d) = -d**3 - 9*d**2 - 8*d - 2. What is k(v)?
-2
Suppose 0 = -2*q - 3*c + 2, -3 = -2*q - 2*c + 3. Let x(s) be the third derivative of -s**5/60 + 7*s**4/24 + 2*s**3/3 + 434*s**2. Calculate x(q).
4
Let b be 5 - ((-6)/18 - (-14)/6). Let m(s) = -2*s**2 + 7*s + 2. Let a(n) = n**2 - n. Let f(q) = b*a(q) + m(q). Determine f(-4).
2
Let q(k) = 3*k - 26. Let t be q(13). Suppose -3*i - f - t = 0, 16 = -5*i + f + 5. Let p(o) = -3*o - 3. Calculate p(i).
6
Let b(y) = 3*y**2 - y + 2. Let k be ((5 + 2)/(-7))/(2/6). Let n be 1*k - (-11 + (-6 - -12)). Determine b(n).
12
Let j(m) be the first derivative of m**3/3 - 4*m + 1. Let k(i) = 8*i**2 + 13*i + 7. Let p be k(-3). Let o = p + -40. What is j(o)?
-4
Let m(u) = -4*u + 3. Let g(z) = 21*z - 15. Let o = 25 - 36. Let c(t) = o*m(t) - 2*g(t). Calculate c(7).
11
Let l(z) = -99*z + 36. Let w(p) = 35*p - 12. Let r(t) = 6*l(t) + 17*w(t). What is r(5)?
17
Let s(l) = 18. Let c(j) = 3*j - 22. Let u(q) = 5*c(q) + 6*s(q). What is u(-2)?
-32
Let g(i) be the third derivative of i**4/12 + i**3/6 - 2*i**2. Let v be -2 - 0 - 10/50*20 - 0. Determine g(v).
-11
Let s(t) = t**3 - 7*t**2 + 4*t. Suppose -q + 33 = -z, 2*z = -q - 2*z + 8. Suppose -3*a - a + q = 0. Give s(a).
28
Let t = 1125 + -1135. Let w(s) = 4*s + 21. What is w(t)?
-19
Let t(l) be the third derivative of -l**7/2520 - l**6/90 - l**5/30 - 13*l**4/24 - 2*l**2. Let q(k) be the second derivative of t(k). What is q(-8)?
-4
Let g(m) = 2*m + 9. Let i be -18 + 31 - (1 - 2)*-5. Determine g(i).
25
Let h = -7 + 10. Let s be h + 5/(-1) + 7. Let b(c) = 0*c - c + 3*c + s. Determine b(-5).
-5
Let g(b) be the third derivative of b**5/60 + 3*b**4/4 - 10*b**3/3 - 793*b**2. Determine g(-19).
-1
Let q(b) = 0*b - 3*b - 20 + 30 + 9*b. What is q(-4)?
-14
Let u(n) = -n**3 - 1. Let s(h) = -3*h**3 - 6*h**2 - h - 9. Let g(y) = s(y) - 2*u(y). Suppose 0 = 3*d - 14 + 32. Let r be g(d). Let p(b) = 4*b + 1. What is p(r)?
-3
Let a(i) be the first derivative of i**3/3 + 5*i**2/2 - 2*i - 32. What is a(-6)?
4
Let x(m) = 15*m - 5. Let p(f) = -14*f + 4. Suppose 2*t + 30 = -4*q, -2*t = t - 4*q - 5. Let w(i) = t*x(i) - 6*p(i). Determine w(-1).
-8
Let z(x) = -x**3 - 6*x**2 - x + 7. Let i(p) = -p**3 - 9*p**2 - 5*p + 19. Let j be i(-8). What is z(j)?
-13
Let d(k) = -2*k - 7. Let x(q) = q**3 + 11*q**2 + 9*q - 5. Let n be x(-10). Suppose 4*y + 23 = -3*j + 2, -y - j - n = 0. What is d(y)?
5
Let u(s) = 13*s - 1. Let p(m) be the second derivative of -m**4/12 + 11*m**3/6 - 25*m**2/2 + 19*m. Let q be p(8). Give u(q).
-14
Let t(h) = -10 + 29 - h - 15 - 5. Let s be (-1 + 2)/(4 + (-18)/6). Determine t(s).
-2
Let z(c) = -4*c - 2. Suppose 3*b = -5 + 11. Calculate z(b).
-10
Let b = -150 + 159. Let p(c) = -c + 12. What is p(b)?
3
Let j(o) be the third derivative of o**6/360 - o**5/120 - o**4/12 + 7*o**3/6 - 12*o**2. Let m(x) be the first derivative of j(x). What is m(-3)?
10
Let s(c) = 10*c + 1. Let g(q) = -11*q - 1. Let n(l) = -5*g(l) - 6*s(l). Let w = -2 - -1. Determine n(w).
4
Let o = -7 - -12. Suppose o*k - 3*k = 2. Let c(r) = -2 - r**2 - k + 7*r - 4. Calculate c(5).
3
Let y(n) be the first derivative of -n**4/4 - 5*n**3/3 - 5*n**2/2 - 3*n + 133. Determine y(-3).
-6
Let f = -1 + 7. Let k(p) = -1 + f*p - 7*p + 0*p. Calculate k(7).
-8
Let o be (84/(-210))/(2/(-20)). Let b(d) be the second derivative of 1/12*d**o - 1/6*d**3 - 4*d**2 - 3*d + 0. Calculate b(0).
-8
Let n(x) = -38*x + 21*x + 16*x. Let w be 20/(-8)*1*2. Calculate n(w).
5
Let r(y) = -19*y - 121. Suppose -5*x - 42 = -4*z, 17 = 3*x + 3*z + 26. What is r(x)?
-7
Let f(b) = b**2 - 6. Let s(u) = -u**2 - 2*u + 6. Let t(x) = 6*f(x) + 5*s(x). Give t(11).
5
Let j(b) = -b**3 - 4*b**2 + 5*b - 1. Let y = 15 + -34. Let q = y - -14. Give j(q).
-1
Let i(y) = -4*y + 26. Let l be i(6). Suppose l*s = 6*s. Let n(d) = d**2 - d - 7. Determine n(s).
-7
Let t(c) be the third derivative of c**6/120 - c**5/20 + c**4/8 - 5*c**3/6 + 56*c**2. What is t(4)?
23
Suppose -2*w - 4 = -10. Suppose -c - w = -4. Suppose x - c - 1 = 0. Let s(i) = -5*i + 2. Calculate s(x).
-8
Let u(q) be the first derivative of -q**2 + 9*q - 16. Give u(6).
-3
Let z be (-19 + 19)*1/3. Let h(y) = -y**2 + y + 6. What is h(z)?
6
Let x(p) = 0 - 12*p**2 - 20*p**2 - 5 - p**3 + 28*p**2. Calculate x(-4).
-5
Suppose -35 = -118*r + 111*r. Let d(u) be the third derivative of 1/2*u**3 - 1/60*u**r + u**2 + 0*u + 0 + 1/8*u**4. Calculate d(-2).
-7
Let h(m) be the first derivative of -m**4/24 - m**3/3 - 4*m**2 - 34. Let s(p) be the second derivative of h(p). Calculate s(4).
-6
Let k(z) = 2*z**3 + 6*z**2 - 12*z + 1. Let d(n) = n**3 + 3*n**2 - 6*n. Suppose 3*q + 6 = -6. Let c(p) = q*k(p) + 9*d(p). Let f = 566 - 570. Determine c(f).
4
Suppose -8*y - 11 = -51. Suppose 12 = y*q - 23. Let h(m) = m. Calculate h(q).
7
Let v(g) = 7*g + 1. Let l be v(-1). Let w be (-64)/(-12) + l + 7/(-3). Let h(c) = 2*c**3 + 3*c**2 - 2*c + 3. What is h(w)?
-18
Let r(h) = 190*h**3 + h**2 - 1. Let s be r(1). Let b be s/70 - (-2)/7. Let x(w) = -4*w + 2*w**2 + 1 + 0 - 2. Give x(b).
5
Let i(d) = -d - 6. Suppose 4*y + 36 = -4*x, x - 6 - 20 = 4*y. Let z be i(y). Let c = z + 1. Let g(s) = -s**3 - s**2 + 3*s - 2. Determine g(c).
-8
Suppose -4*y - 4*o - o - 5 = 0, -25 = 5*o. Suppose -2*a = -y*a + a. Let w(d) = d**3 - d**2 - 3. Give w(a).
-3
Let r be -1 + -1 + -1 + 4 + -2. Let i be (r - 24/(-42)) + 39/(-7). Let y(t) = 2*t + 7. Determine y(i).
-5
Suppose 51*k = 48*k + 27. Let z(n) = 0*n - n - 5 + k + 0*n. Suppose 3*v + 2 - 14 = 0, -2*x = -5*v + 20. Determine z(x).
4
Let t be (-26 - -5)*1/(-3). Let k(n) = -1. Let p(o) = o - 6. Let v(l) = 3*k(l) - p(l). Give v(t).
-4
Let h(y) be the first derivative of y**4/2 - 2*y**3/3 - y**2 - 3*y - 291. Give h(-2).
-23
Let h(j) = -28*j**3 - 6*j**2 - 3*j - 2. Let q(c) = -53*c**3 - 11*c**2 - 6*c - 4. Let d(k) = -7*h(k) + 4*q(k). What is d(-1)?
15
Let q(i) be the first derivative of -3*i**2/2 + 6*i - 13. Let z(x) = x - 2. Let g(p) = -3*q(p) - 8*z(p). Give g(-3).
-5
Let f(p) = -p**3 + 13*p**2 - 13*p + 17. Let n be ((-18)/21)/(1/(-14)). Give f(n).
5
Suppose -11*u = 2*u + 52. Let m(l) = l**2 + 6*l + 2. Calculate m(u).
-6
Let p(d) = 12*d**3 - 2*d**2 + 14*d - 13. Let z(g) = -11*g**3 + 2*g**2 - 16*g + 15. Let k(t) = 8*p(t) + 7*z(t). What is k(1)?
18
Let m = -5 - 1. Let j be m/14 + 16/(-28). Let k(s) = 2 - 10*s - 1 - 3 + 1. What is k(j)?
9
Let k = 875 + -891. Let c(g) = g**3 + 16*g**2 - 2*g - 21. Give c(k).
11
Let n(m) = 6 + 175*m - 9 - 83*m - 8 - 91*m. Give n(5).
-6
Let b be 11/3 + ((-735)/(-45) - 16). Let y(n) = -n**3 + 3*n**2 + 5*n - 5. Determine y(b).
-1
Let u(k) = k**3 - 11*k**2 - 12*k + 3. Let b be u(12). Suppose b*z - 3*h = 5*z - 9, -3*h = 3*z - 6. Let l(t) = -t**2 - 2*t. What is l(z)?
-3
Let s(z) = z - 3. Let o(d) = d**2 - 15*d + 10. Let n be o(15). Let r(m) = -m + 17. Let a be r(n). Calculate s(a).
4
Let b(i) be the third derivative of -i**5/60 + 19*i**4/24 + i**3/6 + 13*i**2 + 11*i. Give b(17).
35
Let t(n) = n**3 - 9*n**2 + 9*n - 3. Let k(q) be the first derivative of q**4/4 - 10*q**3/3 + 11*q**2/2 - 10*q + 4. Let o be k(9). Give t(o).
5
Let p = 1627 - 1636. Let l(f) = -2*f**2 - 20*f - 16. What is l(p)?
2
Suppose -3*u - 5*f = -0*u - 24, -4*u = 4*f - 32. Let o(z) = -z**2 + 7*z - 8. Determine o(u).
-16
Let v(k) = -k**2 - 4*k + 3. Let b be 0/(1 + -3) - -2. Suppose -4*i = 22 + b. Calculate v(i).
-9
Let v(m) = m**2 - 15*m - 17. Let o(b) = -b**2 - 23*b + 16. Let q be o(-23). Determine v(q).
-1
Let x(m) = m**3 + 5*m**2 - 4*m + 10. Let q be x(-6). Let v(k) = -8*k - 2. Calculate v(q).
14
Let g(y) = -13*y**2 + 1. Suppose -5*k + 5*v + 10 = 0, -7*k - v + 10 = -2*k. Suppose 5*x + 20 = -5*l, -k*x - l = -4*x + 7. What is g(x)?
-12
Let f(q) = 2*q**2 - 54*q + 4. Let p be f(27). Let v(y) = 0*y**3 + 6*y**2 - y**3 - 5 + 1 - 3*y. Calculate v(p).
16
Let l(o) = -o**2 + 10*o + 8. Suppose -52 = -5*z - 3*y + 4, 5*y + 10 = 2*z. Give l(z).
8
Let n(c) be the third derivative of c**5/60 - 11*c**4/24 + 2*c**3 + 12*c**2. Let v be n(7). Let k = v + 12. Let p(s) = -s**3 - 2*s**2 + 5*s - 2. Calculate p(k).
10
Let i(t) be the first derivative of t**4/24 - 53*t**2/2 - 29. Let x(a) be the second derivative of i(a). Let q be (-10)/6 + 2/3. What 